- -3b?
-16
In base 12, what is -670 - 4?
-674
In base 11, what is -155 - -4?
-151
In base 9, what is 2881 - -4?
2885
In base 6, what is 15 + 50?
105
In base 12, what is -1499 - 0?
-1499
In base 2, what is 1001010 - -1?
1001011
In base 4, what is 0 - -222013?
222013
In base 10, what is -61 + -30?
-91
In base 4, what is -12 + -2203?
-2221
In base 14, what is -17 - 75?
-8c
In base 14, what is -2b1 + -3?
-2b4
In base 11, what is 5 - -5?
a
In base 14, what is 2 + 2a?
2c
In base 16, what is -14 - -2d?
19
In base 2, what is -110001 - 0?
-110001
In base 15, what is -13b - -5?
-136
In base 14, what is -5 - 3ba?
-3c1
In base 11, what is -57 - 2?
-59
In base 14, what is 3263 + -3?
3260
In base 8, what is -4 + -1564?
-1570
In base 7, what is -23 + -12?
-35
In base 15, what is -21 - -1?
-20
In base 16, what is 4 + -2e?
-2a
In base 9, what is -13 - -3?
-10
In base 16, what is 0 + 44?
44
In base 15, what is 184 + 4?
188
In base 4, what is 3 + 331?
1000
In base 8, what is -4762 - 2?
-4764
In base 8, what is -113 - -23?
-70
In base 5, what is -314 - -4?
-310
In base 13, what is -7 - -a1?
97
In base 9, what is 1 + -150?
-148
In base 5, what is 23 - -34?
112
In base 11, what is -21 + -12a?
-150
In base 2, what is -100110101111 - 100?
-100110110011
In base 7, what is 332 - -11?
343
In base 5, what is -44 + 310?
211
In base 4, what is 1303 + -11?
1232
In base 7, what is 151 + 12?
163
In base 7, what is -415 + 3?
-412
In base 14, what is -a - 6?
-12
In base 13, what is 1996 - 2?
1994
In base 14, what is 0 - 18?
-18
In base 4, what is -11 - 101?
-112
In base 4, what is 13 + 21101?
21120
In base 10, what is 1192 + -1?
1191
In base 5, what is -10 + 301?
241
In base 2, what is -101111 + 10000?
-11111
In base 9, what is -12 + -40?
-52
In base 14, what is 4 + -1dd?
-1d9
In base 6, what is 0 - -1035?
1035
In base 12, what is -176 - 1?
-177
In base 16, what is -15 - -64?
4f
In base 2, what is 110 + 11000101101?
11000110011
In base 6, what is -5 + 2444?
2435
In base 9, what is 851 - 5?
845
In base 4, what is 13102 + -10?
13032
In base 9, what is -2 - 63?
-65
In base 14, what is -5 + 17?
12
In base 9, what is 50 - 3?
46
In base 12, what is 88 + 5?
91
In base 4, what is -120 - 33001?
-33121
In base 9, what is 5771 - -1?
5772
In base 16, what is -8 + 2e7?
2df
In base 14, what is 397 + -3?
394
In base 16, what is 38d - -e?
39b
In base 10, what is 17 - 4?
13
In base 15, what is 8e + -3?
8b
In base 16, what is -a + -e?
-18
In base 5, what is -2 + 2123?
2121
In base 13, what is ab + 2?
b0
In base 7, what is 5 + 101?
106
In base 11, what is -92 + -49?
-130
In base 3, what is 101 - 1020?
-212
In base 3, what is 1212 + -22021?
-20102
In base 8, what is 10 + -354?
-344
In base 5, what is -14 + 10013?
4444
In base 3, what is 21222 - 1?
21221
In base 5, what is -13 - -10?
-3
In base 10, what is -4 + 1479?
1475
In base 3, what is 12 - 2201?
-2112
In base 7, what is 0 - -5245?
5245
In base 6, what is -251 + -555?
-1250
In base 8, what is -356 + -4?
-362
In base 6, what is -1511 + 4?
-1503
In base 2, what is -10000111111 + 1?
-10000111110
In base 8, what is 2 - -22?
24
In base 14, what is 145 - 3?
142
In base 7, what is 1251 - -5?
1256
In base 12, what is 26 + 0?
26
In base 14, what is -2 + 23c?
23a
In base 8, what is -524 - -4?
-520
In base 11, what is -3 - 10?
-13
In base 5, what is 24 + 432?
1011
In base 10, what is 11 + -8?
3
In base 11, what is -60 + 0?
-60
In base 13, what is 7 + -483?
-479
In base 13, what is 3 - 698?
-695
In base 12, what is 150 + 6?
156
In base 14, what is -9 - 34?
-3d
In base 11, what is 2234 - -9?
2242
In base 8, what is -5 + 5660?
5653
In base 16, what is 5 - 1a?
-15
In base 4, what is -31302 + -33?
-32001
In base 13, what is -421 + 5?
-419
In base 5, what is -114 - 30?
-144
In base 9, what is -61 + 21?
-40
In base 6, what is 2501 + -114?
2343
In base 3, what is -2 + -22?
-101
In base 5, what is 10 + 1120?
1130
In base 5, what is -101 - 0?
-101
In base 13, what is 2 - -2a?
2c
In base 7, what is 4 - -136?
143
In base 2, what is -101 + 1001?
100
In base 11, what is -3 + 256?
253
In base 2, what is -111011 + 0?
-111011
In base 6, what is 522 - 211?
311
In base 13, what is -8 + -2?
-a
In base 7, what is 30 - -244?
304
In base 2, what is -100110 + 1?
-100101
In base 12, what is 2 - 2a6?
-2a4
In base 6, what is 241 + -2?
235
In base 15, what is -13 - -360?
34c
In base 15, what is 7 - 6?
1
In base 11, what is 2 + -361?
-35a
In base 7, what is 3 + -522?
-516
In base 9, what is 111 - 7?
103
In base 5, what is 13123 + -2?
13121
In base 3, what is -11121111 - 12?
-11121200
In base 12, what is -2 + 7?
5
In base 3, what is -2 - -1010?
1001
In base 13, what is a - -2b?
38
In base 10, what is 12 + -45?
-33
In base 7, what is 31 - -432?
463
In base 2, what is -100011 + -100001110?
-100110001
In base 2, what is -11 + 100001111110?
100001111011
In base 5, what is -2043 + -3?
-2101
In base 15, what is -42 - -4?
-3d
In base 2, what is 1101 + 1111100111?
1111110100
In base 13, what is 49c + 5?
4a4
In base 3, what is -10200 + -20?
-10220
In base 15, what is 27e + 3?
282
In base 6, what is 1 - 14?
-13
In base 7, what is -2 + 440?
435
In base 6, what is 231 - 1?
230
In base 4, what is -30121 + 131?
-23330
In base 8, what is 7 - -70?
77
In base 11, what is -195 + -2?
-197
In base 15, what is 2d + -3?
2a
In base 16, what is 15 + -2a?
-15
In base 8, what is 24 + 1?
25
In base 4, what is 12331 - 1?
12330
In base 4, what is 10320 - 0?
10320
In base 3, what is 2 + -11220?
-11211
In base 10, what is 0 + -45?
-45
In base 4, what is 111 + -3002?
-2231
In base 11, what is 1 + 175?
176
In base 11, what is 87 - -20?
a7
In base 16, what is 44d + 10?
45d
In base 16, what is -3 + -2?
-5
In base 6, what is 5 - 22333?
-22324
In base 10, what is -2 + 54?
52
In base 12, what is 27 - -a?
35
In base 15, what is a6 - -2?
a8
In base 11, what is 4a - 0?
4a
In base 10, what is 3 + -12?
-9
In base 11, what is -3a5 + -5?
-3aa
In base 16, what is -4 - 73?
-77
In base 7, what is 0 + -5006?
-5006
In base 12, what is -51 + 24?
-29
In base 5, what is -240 + 101?
-134
In base 2, what is -110000000 + 101?
-101111011
In base 3, what is -2 - -20002?
20000
In base 16, what is -10 - 1?
-11
In base 9, what is -32 + 38?
6
In base 8, what is 16 + 276?
314
In base 10, what is -51 + -7?
-58
In base 4, what is -121021 - 3?
-121030
In base 3, what is -2 - 1011?
-1020
In base 12, what is 5 - -4a?
53
In base 15, what is 11 + -1a?
-9
In base 9, what is 771 - 0?
771
In base 2, what is 101 - -11000111?
11001100
In base 15, what is -5 + 2d?
28
In base 9, what is 3 + -148?
-145
In base 10, what is 2637 + 4?
2641
In base 8, what is 771 - 2?
767
In base 2, what is -100111 + -11001001?
-11110000
In base 9, what is -23 - 56?
-80
In base 16, what is -4 + 71?
6d
In base 16, what is 76 - 4?
72
In base 6, what is -3 + 4335?
4332
In base 10, what is 11768 + -3?
11765
In base 13, what is -1 + 15a?
159
In base 4, what is -32 + 1?
-31
In base 16, what is 5 + 49b?
4a0
In base 14, what is 26b - -1?
26c
In base 3, what is 1121 - 202?
212
In base 15, what is -64 + 4?
-60
In base 4, what is 313 - 231?
22
In base 8, what is -1034 - -3?
-1031
In base 14, what is -25 - 24?
-49
In base 13, what is 24 + 13?
37
In base 7, what is -205 - -4?
-201
In base 11, what is -210 + 2?
-209
In base 9, what is -31 + 65?
34
In base 14, what is 20c - 2?
20a
In base 9, what is -24 + -126?
-151
In base 6, what is 3530 - 4?
3522
In base 9, what is -5 + 182?
176
In base 9, what is -10380 - 4?
-10384
In base 3, what is -110 - -1020021?
1012211
In base 16, what is -3ea + -e?
-3f8
In base 10, what is -31 + 5?
-26
In base 4, what is 11311 - -2?
11313
In base 13, what is 71 - -6?
77
In base 15, what is 0 + -18b?
-18b
In base 14, what is 41 - -2b?
6c
In base 7, what is -5136 - 2?
-5141
In base 11, what is -25 + -6?
-30
In base 12, what is 3 + 1657?
165a
In base 13, what is 1c - 5?
17
In base 5, what is 13 + 3?
21
In base 14, what is -8 + -7?
-11
In base 16, what is -2 - c?
-e
In base 16, what is -237 - -6?
-231
In base 5, what is -332000 - 1?
-332001
In base 12, what is 502 + 11?
513
In base 5, what is 2 - -130?
132
In base 7, what is -4261 - -1?
-4260
In base 13, what is 6 + 233?
239
In base 5, what is 0 - 30040?
-30040
In base 4, what is -31123 + 11?
-31112
In base 13, what 